{"id":29,"date":"2018-11-23T18:16:10","date_gmt":"2018-11-23T17:16:10","guid":{"rendered":"http:\/\/avallon-morvan-peche.fr\/?page_id=29"},"modified":"2021-11-09T09:47:24","modified_gmt":"2021-11-09T08:47:24","slug":"letang-de-girolles","status":"publish","type":"page","link":"https:\/\/avallon-morvan-peche.fr\/index.php\/letang-de-girolles\/","title":{"rendered":"L&rsquo;\u00e9tang de Girolles"},"content":{"rendered":"<p>L&rsquo;\u00e9tang de Girolles est un petit plan d&rsquo;eau situ\u00e9 sur les hauteurs d&rsquo;Avallon en contrebas du village de Girolles. L&rsquo;\u00e9tang est \u00e0 nouveau ouvert \u00e0 la p\u00eache depuis le 1er Mai 2018 et sa prise en gestion par l&rsquo;association. On y trouve une bonne population de carpes de toutes tailles vu que l&rsquo;\u00e9tang a \u00e9t\u00e9 durant quelques ann\u00e9es un carpodrome. Il est r\u00e9guli\u00e8rement empoissonn\u00e9 en poissons blancs \u00e0 l&rsquo;automne pour redevenir un plan d&rsquo;eau familial pour tous.<\/p>\n\n\n<figure class=\"wp-block-image\"><img loading=\"lazy\" width=\"1024\" height=\"681\" src=\"https:\/\/avallon-morvan-peche.fr\/wp-content\/uploads\/2019\/01\/DSC_0229-1024x681.jpg\" alt=\"\" class=\"wp-image-128\" srcset=\"https:\/\/avallon-morvan-peche.fr\/wp-content\/uploads\/2019\/01\/DSC_0229-1024x681.jpg 1024w, https:\/\/avallon-morvan-peche.fr\/wp-content\/uploads\/2019\/01\/DSC_0229-300x199.jpg 300w, https:\/\/avallon-morvan-peche.fr\/wp-content\/uploads\/2019\/01\/DSC_0229-768x511.jpg 768w, https:\/\/avallon-morvan-peche.fr\/wp-content\/uploads\/2019\/01\/DSC_0229-655x436.jpg 655w\" sizes=\"(max-width: 1024px) 100vw, 1024px\" \/><\/figure>\n","protected":false},"excerpt":{"rendered":"<p>L&rsquo;\u00e9tang de Girolles est un petit plan d&rsquo;eau situ\u00e9 sur les hauteurs d&rsquo;Avallon en contrebas du village de Girolles. L&rsquo;\u00e9tang est \u00e0 nouveau ouvert \u00e0 la p\u00eache depuis le 1er Mai 2018 et sa prise&#8230;<\/p>\n","protected":false},"author":1,"featured_media":0,"parent":0,"menu_order":0,"comment_status":"closed","ping_status":"closed","template":"","meta":[],"_links":{"self":[{"href":"https:\/\/avallon-morvan-peche.fr\/index.php\/wp-json\/wp\/v2\/pages\/29"}],"collection":[{"href":"https:\/\/avallon-morvan-peche.fr\/index.php\/wp-json\/wp\/v2\/pages"}],"about":[{"href":"https:\/\/avallon-morvan-peche.fr\/index.php\/wp-json\/wp\/v2\/types\/page"}],"author":[{"embeddable":true,"href":"https:\/\/avallon-morvan-peche.fr\/index.php\/wp-json\/wp\/v2\/users\/1"}],"replies":[{"embeddable":true,"href":"https:\/\/avallon-morvan-peche.fr\/index.php\/wp-json\/wp\/v2\/comments?post=29"}],"version-history":[{"count":3,"href":"https:\/\/avallon-morvan-peche.fr\/index.php\/wp-json\/wp\/v2\/pages\/29\/revisions"}],"predecessor-version":[{"id":477,"href":"https:\/\/avallon-morvan-peche.fr\/index.php\/wp-json\/wp\/v2\/pages\/29\/revisions\/477"}],"wp:attachment":[{"href":"https:\/\/avallon-morvan-peche.fr\/index.php\/wp-json\/wp\/v2\/media?parent=29"}],"curies":[{"name":"wp","href":"https:\/\/api.w.org\/{rel}","templated":true}]}}