{"id":31,"date":"2018-11-23T18:16:47","date_gmt":"2018-11-23T17:16:47","guid":{"rendered":"http:\/\/avallon-morvan-peche.fr\/?page_id=31"},"modified":"2025-02-04T17:54:14","modified_gmt":"2025-02-04T16:54:14","slug":"letang-de-marrault","status":"publish","type":"page","link":"https:\/\/avallon-morvan-peche.fr\/index.php\/letang-de-marrault\/","title":{"rendered":"L&rsquo;\u00e9tang de Marrault"},"content":{"rendered":"\n<p>L&rsquo;ann\u00e9e a \u00e9t\u00e9 marqu\u00e9e par l&rsquo;am\u00e9nagement d&rsquo;une fray\u00e8re \u00e0 brochets en rive droite de l&rsquo;\u00e9tang. Longue d&rsquo;une centaine de m\u00e8tres et de 50 \u00e0 60 cm de profondeur, elle sera l&rsquo;endroit id\u00e9al pour permettre aux brochets de venir se reproduire au printemps.<\/p>\n\n\n\n<figure class=\"wp-block-image size-large\"><img loading=\"lazy\" width=\"1024\" height=\"681\" src=\"https:\/\/avallon-morvan-peche.fr\/wp-content\/uploads\/2025\/02\/avant-travaux-1-1024x681.jpg\" alt=\"\" class=\"wp-image-1204\" srcset=\"https:\/\/avallon-morvan-peche.fr\/wp-content\/uploads\/2025\/02\/avant-travaux-1-1024x681.jpg 1024w, https:\/\/avallon-morvan-peche.fr\/wp-content\/uploads\/2025\/02\/avant-travaux-1-300x199.jpg 300w, https:\/\/avallon-morvan-peche.fr\/wp-content\/uploads\/2025\/02\/avant-travaux-1-768x511.jpg 768w, https:\/\/avallon-morvan-peche.fr\/wp-content\/uploads\/2025\/02\/avant-travaux-1-1536x1021.jpg 1536w, https:\/\/avallon-morvan-peche.fr\/wp-content\/uploads\/2025\/02\/avant-travaux-1-2048x1362.jpg 2048w, https:\/\/avallon-morvan-peche.fr\/wp-content\/uploads\/2025\/02\/avant-travaux-1-655x436.jpg 655w\" sizes=\"(max-width: 1024px) 100vw, 1024px\" \/><figcaption><strong>Avant travaux<\/strong><\/figcaption><\/figure>\n\n\n\n<figure class=\"wp-block-image\"><img alt=\"\"\/><\/figure>\n\n\n\n<figure class=\"wp-block-gallery columns-3 is-cropped\"><ul class=\"blocks-gallery-grid\"><li class=\"blocks-gallery-item\"><figure><img loading=\"lazy\" width=\"480\" height=\"640\" src=\"https:\/\/avallon-morvan-peche.fr\/wp-content\/uploads\/2025\/02\/IMG_1708-rotated.jpg\" alt=\"\" data-id=\"1205\" data-full-url=\"https:\/\/avallon-morvan-peche.fr\/wp-content\/uploads\/2025\/02\/IMG_1708-rotated.jpg\" data-link=\"https:\/\/avallon-morvan-peche.fr\/index.php\/letang-de-marrault\/img_1708\/\" class=\"wp-image-1205\" srcset=\"https:\/\/avallon-morvan-peche.fr\/wp-content\/uploads\/2025\/02\/IMG_1708-rotated.jpg 480w, https:\/\/avallon-morvan-peche.fr\/wp-content\/uploads\/2025\/02\/IMG_1708-225x300.jpg 225w\" sizes=\"(max-width: 480px) 100vw, 480px\" \/><\/figure><\/li><li class=\"blocks-gallery-item\"><figure><img loading=\"lazy\" width=\"480\" height=\"640\" src=\"https:\/\/avallon-morvan-peche.fr\/wp-content\/uploads\/2025\/02\/IMG_1707-rotated.jpg\" alt=\"\" data-id=\"1206\" data-full-url=\"https:\/\/avallon-morvan-peche.fr\/wp-content\/uploads\/2025\/02\/IMG_1707-rotated.jpg\" data-link=\"https:\/\/avallon-morvan-peche.fr\/index.php\/letang-de-marrault\/img_1707\/\" class=\"wp-image-1206\" srcset=\"https:\/\/avallon-morvan-peche.fr\/wp-content\/uploads\/2025\/02\/IMG_1707-rotated.jpg 480w, https:\/\/avallon-morvan-peche.fr\/wp-content\/uploads\/2025\/02\/IMG_1707-225x300.jpg 225w\" sizes=\"(max-width: 480px) 100vw, 480px\" \/><\/figure><\/li><li class=\"blocks-gallery-item\"><figure><img loading=\"lazy\" width=\"480\" height=\"640\" src=\"https:\/\/avallon-morvan-peche.fr\/wp-content\/uploads\/2025\/02\/IMG_1712-rotated.jpg\" alt=\"\" data-id=\"1207\" data-full-url=\"https:\/\/avallon-morvan-peche.fr\/wp-content\/uploads\/2025\/02\/IMG_1712-rotated.jpg\" data-link=\"https:\/\/avallon-morvan-peche.fr\/index.php\/letang-de-marrault\/img_1712\/\" class=\"wp-image-1207\" srcset=\"https:\/\/avallon-morvan-peche.fr\/wp-content\/uploads\/2025\/02\/IMG_1712-rotated.jpg 480w, https:\/\/avallon-morvan-peche.fr\/wp-content\/uploads\/2025\/02\/IMG_1712-225x300.jpg 225w\" sizes=\"(max-width: 480px) 100vw, 480px\" \/><\/figure><\/li><\/ul><figcaption class=\"blocks-gallery-caption\"><strong>Apr\u00e8s travaux  -Avant  mont\u00e9e du plan d&rsquo;eau &amp; v\u00e9g\u00e9talisation<\/strong><\/figcaption><\/figure>\n\n\n\n<p>L&rsquo;\u00e9tang de Marrault a \u00e9t\u00e9 acquis par la Fondation des P\u00e9cheurs en 2017 ; la gestion du site est assur\u00e9e par la FYPPMA et l&rsquo;Association Avallon Morvan P\u00eache  dans le cadre d&rsquo;une convention de mise \u00e0 disposition, avec l&rsquo;aide d&rsquo;autres acteurs r\u00e9gionaux de la biodiversit\u00e9 ( Parc Naturel R\u00e9gional du Morvan, SNHA, Conservatoire des Espaces Naturels de bourgogne).<\/p>\n\n\n\n<p>L&rsquo;\u00e9tang de Marrault est l&rsquo;un des plus beaux plans d&rsquo;eau de la r\u00e9gion. Situ\u00e9 \u00e0 7 kms d&rsquo;Avallon et d&rsquo;une superficie de 30ha, c&rsquo;est le lieu id\u00e9al pour une partie de p\u00eache d\u00e9tente en pleine nature. L&rsquo;association porte un effort particulier sur ce plan d&rsquo;eau pour rendre le lieu le plus agr\u00e9able possible. Vous trouverez notamment un abri avec un barbecue, un poste handip\u00eache, une mise \u00e0 l&rsquo;eau pour les bateaux et un quai pour les stationner. Une r\u00e9serve ornithologique est situ\u00e9 \u00e0 l&rsquo;amont de l&rsquo;\u00e9tang et une cabane y est install\u00e9e pour l&rsquo;observation des oiseaux.<\/p>\n\n\n\n<figure class=\"wp-block-image\"><img loading=\"lazy\" width=\"1024\" height=\"681\" src=\"https:\/\/avallon-morvan-peche.fr\/wp-content\/uploads\/2018\/11\/DSC_0202-1024x681.jpg\" alt=\"\" class=\"wp-image-68\" srcset=\"https:\/\/avallon-morvan-peche.fr\/wp-content\/uploads\/2018\/11\/DSC_0202-1024x681.jpg 1024w, https:\/\/avallon-morvan-peche.fr\/wp-content\/uploads\/2018\/11\/DSC_0202-300x199.jpg 300w, https:\/\/avallon-morvan-peche.fr\/wp-content\/uploads\/2018\/11\/DSC_0202-768x511.jpg 768w, https:\/\/avallon-morvan-peche.fr\/wp-content\/uploads\/2018\/11\/DSC_0202-655x436.jpg 655w\" sizes=\"(max-width: 1024px) 100vw, 1024px\" \/><\/figure>\n\n\n\n<h4>Population piscicole<\/h4>\n\n\n\n<ul><li>Poissons blancs : gardons, rotengles, tanches et carpeaux<\/li><li>Carnassiers : brochets et perches<\/li><li>Belle population de carpes avec des sujets d&rsquo;une vingtaine de kilos<\/li><\/ul>\n\n\n\n<figure class=\"wp-block-image\"><img loading=\"lazy\" width=\"1807\" height=\"978\" src=\"https:\/\/avallon-morvan-peche.fr\/wp-content\/uploads\/2019\/01\/DSCN3614-e1549127726751.jpg\" alt=\"\" class=\"wp-image-152\"\/><figcaption>Carpe de Marrault<\/figcaption><\/figure>\n\n\n\n<h4> <br>Quelques rappels concernant la r\u00e9glementation <\/h4>\n\n\n\n<ul><li>La p\u00eache de la carpe de nuit est interdite<\/li><li>Le camping et la baignade sont interdits<\/li><li>La chasse est interdite<\/li><li>La zone de r\u00e9serve, situ\u00e9e en queue d&rsquo;\u00e9tang et mat\u00e9rialis\u00e9e par les bou\u00e9es, est strictement interdite \u00e0 la p\u00eache<\/li><li>La p\u00eache en bateau (moteur \u00e9lectrique uniquement) et en float-tube est autoris\u00e9e<\/li><li>En dehors de la p\u00eache, toute autre navigation est interdite (canotage, voile)<\/li><li>Sur la digue, la p\u00eache est limit\u00e9e \u00e0 deux cannes.<\/li><\/ul>\n\n\n\n<figure class=\"wp-block-image\"><img loading=\"lazy\" width=\"1024\" height=\"681\" src=\"https:\/\/avallon-morvan-peche.fr\/wp-content\/uploads\/2019\/02\/DSC_0196-1024x681.jpg\" alt=\"\" class=\"wp-image-200\" srcset=\"https:\/\/avallon-morvan-peche.fr\/wp-content\/uploads\/2019\/02\/DSC_0196-1024x681.jpg 1024w, https:\/\/avallon-morvan-peche.fr\/wp-content\/uploads\/2019\/02\/DSC_0196-300x199.jpg 300w, https:\/\/avallon-morvan-peche.fr\/wp-content\/uploads\/2019\/02\/DSC_0196-768x511.jpg 768w, https:\/\/avallon-morvan-peche.fr\/wp-content\/uploads\/2019\/02\/DSC_0196-655x436.jpg 655w\" sizes=\"(max-width: 1024px) 100vw, 1024px\" \/><figcaption>Poste handip\u00eache<\/figcaption><\/figure>\n\n\n\n<h4> <br>Rappels \u00e9l\u00e9mentaires de bonne conduite<\/h4>\n\n\n\n<ul><li>L&rsquo;\u00e9tang de Marrault est un site naturel remarquable, pourtant nous constatons tout au long de l&rsquo;ann\u00e9e une accumulation de d\u00e9chets en tout genre. Amis p\u00eacheurs, montrez l&rsquo;exemple et emportez avec vous vos d\u00e9chets!<\/li><li>Merci de penser aux autres p\u00eacheurs en partageant intelligemment le site. Cette remarque concerne <strong>tous<\/strong> les p\u00eacheurs.<\/li><li>Il n&rsquo;existe qu&rsquo;une mise \u00e0 l&rsquo;eau sur l&rsquo;\u00e9tang, aussi nous vous remercions d&rsquo;en laisser l&rsquo;acc\u00e8s libre lors de la mise \u00e0 l&rsquo;eau d&rsquo;un bateau.<\/li><\/ul>\n\n\n\n<figure class=\"wp-block-image\"><img loading=\"lazy\" width=\"1024\" height=\"681\" src=\"https:\/\/avallon-morvan-peche.fr\/wp-content\/uploads\/2019\/02\/DSC_0195-1024x681.jpg\" alt=\"\" class=\"wp-image-201\" srcset=\"https:\/\/avallon-morvan-peche.fr\/wp-content\/uploads\/2019\/02\/DSC_0195-1024x681.jpg 1024w, https:\/\/avallon-morvan-peche.fr\/wp-content\/uploads\/2019\/02\/DSC_0195-300x199.jpg 300w, https:\/\/avallon-morvan-peche.fr\/wp-content\/uploads\/2019\/02\/DSC_0195-768x511.jpg 768w, https:\/\/avallon-morvan-peche.fr\/wp-content\/uploads\/2019\/02\/DSC_0195-655x436.jpg 655w\" sizes=\"(max-width: 1024px) 100vw, 1024px\" \/><\/figure>\n","protected":false},"excerpt":{"rendered":"<p>L&rsquo;ann\u00e9e a \u00e9t\u00e9 marqu\u00e9e par l&rsquo;am\u00e9nagement d&rsquo;une fray\u00e8re \u00e0 brochets en rive droite de l&rsquo;\u00e9tang. Longue d&rsquo;une centaine de m\u00e8tres et de 50 \u00e0 60 cm de profondeur, elle sera l&rsquo;endroit id\u00e9al pour permettre aux&#8230;<\/p>\n","protected":false},"author":1,"featured_media":0,"parent":0,"menu_order":0,"comment_status":"closed","ping_status":"closed","template":"","meta":[],"_links":{"self":[{"href":"https:\/\/avallon-morvan-peche.fr\/index.php\/wp-json\/wp\/v2\/pages\/31"}],"collection":[{"href":"https:\/\/avallon-morvan-peche.fr\/index.php\/wp-json\/wp\/v2\/pages"}],"about":[{"href":"https:\/\/avallon-morvan-peche.fr\/index.php\/wp-json\/wp\/v2\/types\/page"}],"author":[{"embeddable":true,"href":"https:\/\/avallon-morvan-peche.fr\/index.php\/wp-json\/wp\/v2\/users\/1"}],"replies":[{"embeddable":true,"href":"https:\/\/avallon-morvan-peche.fr\/index.php\/wp-json\/wp\/v2\/comments?post=31"}],"version-history":[{"count":8,"href":"https:\/\/avallon-morvan-peche.fr\/index.php\/wp-json\/wp\/v2\/pages\/31\/revisions"}],"predecessor-version":[{"id":1210,"href":"https:\/\/avallon-morvan-peche.fr\/index.php\/wp-json\/wp\/v2\/pages\/31\/revisions\/1210"}],"wp:attachment":[{"href":"https:\/\/avallon-morvan-peche.fr\/index.php\/wp-json\/wp\/v2\/media?parent=31"}],"curies":[{"name":"wp","href":"https:\/\/api.w.org\/{rel}","templated":true}]}}